*n - 3*f - l. What is the tens digit of n?
4
Let d = 121 - 83. Suppose 0 = -5*p - w - 2*w + 130, 2*p - d = -4*w. What is the tens digit of p?
2
Suppose -2*q - q + i = 4, q - 4*i - 17 = 0. Let f be -1 + 8 + 9/q. Suppose 3 = -5*r + f*s + 72, -s - 14 = -r. What is the units digit of r?
3
Let w = 175 - 93. What is the tens digit of w?
8
Let p be 10/15 + (-8)/(-6). Suppose -2*b = p*b + 12, 2*a + 3*b = 11. What is the units digit of a?
0
Suppose 2*h - h = 78. What is the tens digit of h?
7
Let h(k) = -k**3 - 4*k**2 - 4*k - 1. Let m be h(-3). Suppose 3*y + 4*z = 37, 9*z - 27 = -m*y + 4*z. What is the units digit of y?
1
What is the tens digit of (-232)/(-12)*3 - 1?
5
Let a(r) = 0*r**2 - 2*r**2 - 2 + 12*r + r**2. What is the tens digit of a(10)?
1
Let s = -9 - -13. Let j be (-10)/6*(2 - 5). Let u = j + s. What is the units digit of u?
9
Let t be ((-9)/6)/(3/(-8)). Suppose g + 2*g - 10 = 2*v, -18 = -t*g + 5*v. What is the units digit of g?
2
Suppose 3*y + 19 = 4*p, -3*y + 6 + 11 = 5*p. Suppose -p*k - k = -55. What is the tens digit of k?
1
Suppose -6*m + 3708 = 6*m. What is the units digit of m?
9
Let l be (2/5)/(8/240). Let o(c) = c + 8. Let g be o(-6). Suppose l = x + g. What is the tens digit of x?
1
Suppose u + 1 + 7 = 0. Let f(r) = r**2 + 8*r + 7. What is the units digit of f(u)?
7
Let r = -115 - -260. What is the hundreds digit of r?
1
Suppose -3 = -b, -5*s = 3*b - 11 + 2. Suppose -y = -s*y - 8. What is the units digit of y?
8
Let h(z) = 2*z + 43. Let f be h(0). Suppose 2*x = 3*l - 4*l + 12, 3*x - f = -4*l. What is the units digit of l?
0
Let o(f) = -f**2 + 3*f + 7. Let n be o(5). Let r = -4 + n. Let v = 4 - r. What is the tens digit of v?
1
What is the units digit of 33/(-66) - 86/(-4)?
1
Let h = 2 + 4. Let a(i) = i - 4. What is the units digit of a(h)?
2
Let y(s) = -2*s - 1. Suppose -5*w + 4 - 37 = 3*g, g + 2*w + 12 = 0. What is the units digit of y(g)?
1
Let f = 11 + -21. Let m = f - -20. What is the tens digit of m?
1
What is the units digit of 0 - (-310)/(-2)*(-12)/12?
5
Let y(z) = z**2 + 3*z - 7. Let k be y(-5). Let x be 17 - (1 + k + -3). Suppose 3*n = 5*n - x. What is the units digit of n?
8
Let s = 282 + -177. What is the units digit of s?
5
Let q = -55 + 56. What is the units digit of q?
1
Let u(k) = k**3 + 13*k**2 - 18*k + 13. What is the units digit of u(-14)?
9
What is the tens digit of (228/9)/((-8)/(-12))?
3
Let j(s) = -s - 12. Let h be j(-10). Suppose 2*x + 2*x = 40. Let l = x + h. What is the units digit of l?
8
Let r(z) = -6*z + 8*z + 4*z - 10. What is the tens digit of r(4)?
1
Let w(l) = l**2 + 7*l - 11. Let t be (-336)/35 + 4/(-10). What is the tens digit of w(t)?
1
Suppose -3*m + 6*m - 887 = -5*w, 2*w = 3*m + 338. What is the hundreds digit of w?
1
Suppose 2*s + 4*c = 0, 0 = 3*s + 3*c + 4 - 13. Suppose 4*m = 30 + s. Let w(j) = -j**2 + 10*j - 4. What is the units digit of w(m)?
5
Suppose -z + 57 = -5*q - 708, -471 = 3*q - 3*z. What is the units digit of ((-3)/(-6))/((-4)/q)?
9
Let g(m) = 74*m**2 - 7*m + 6. What is the units digit of g(1)?
3
Let k be (30/(-20))/((-6)/152). Let h = k - 20. What is the units digit of h?
8
Suppose 0 - 10 = -2*f, f - 17 = -3*t. What is the tens digit of -42*(-1)/(6/t)?
2
Let d(i) = 12*i + 1. What is the tens digit of d(1)?
1
Let w(o) = 3 + 6*o - 14 - 3*o. What is the units digit of w(9)?
6
Let m(p) be the second derivative of 3*p**4/4 + p**3/3 + p**2/2 + p. Let d be 3 + 4/(-4) + -3. What is the units digit of m(d)?
8
Let m = -19 + 24. Suppose 0*q = m*q - 165. What is the tens digit of q?
3
Let h = 64 - 34. What is the units digit of h?
0
Suppose 4*a - 28 = 16. Let n(q) = -q**2 + 9*q - 2. Let k be n(a). Let o = -13 - k. What is the tens digit of o?
1
What is the tens digit of 183/6 + 3/(-2)?
2
Let t = -5 + 4. Let d(w) = w**3 - w. Let l be d(t). Suppose l = g - 8. What is the units digit of g?
8
Let w(a) = -4*a - 1. Let v be (0 - -3)/(5/(-5)). What is the units digit of w(v)?
1
Let w be (2 + 0)*(-25)/(-2). Suppose 0 - 12 = -2*x. Suppose o - x*o = -w. What is the units digit of o?
5
Let u(g) = -g**3 - 5*g**2 + 4*g + 2. Let f be u(5). What is the units digit of f/(-16) - 2/8?
4
Suppose 6*t + 410 = 1562. What is the units digit of t?
2
Suppose -q + 8 = q. Suppose 0*n = -3*n. Suppose n*h - 43 = -q*h + 5*z, -11 = -2*h - z. What is the units digit of h?
7
Let b be (5/(-2))/(4/16). Let q = b - -7. What is the units digit of 5 + (0/q)/1?
5
Suppose -5*p - 3*x - 6 = 0, 0 = -3*p + p + 4*x + 8. Suppose 3*v + 27 + 1 = 4*o, 2*o + 4*v - 36 = p. What is the units digit of o?
0
Let w(g) = 2*g + 20. What is the units digit of w(19)?
8
Suppose -2*n - 17 = 35. Let o = n - -37. What is the tens digit of o?
1
Suppose -b - 5*f = -131 - 182, 4*b - f - 1189 = 0. What is the hundreds digit of b?
2
Suppose 39 + 6 = 3*j. What is the units digit of j?
5
Let y = 17 - 12. Suppose -3*n + y = -1. What is the units digit of n?
2
Suppose -209 = -3*j + 5*i + 61, 0 = 2*j + 5*i - 205. What is the tens digit of j?
9
Suppose 11 = -5*m - 24. Let w = -2 - m. Let a = w - -1. What is the units digit of a?
6
Let p(n) be the first derivative of -n**4/2 - n**2 - 3*n - 3. What is the units digit of p(-2)?
7
Suppose 6*h = 4*h + 10. Let z = 20 + -14. Suppose h*v - z = 3*v. What is the units digit of v?
3
Let d = -3 - -6. Suppose -3*s + 19 = t, -4*s = 2*t - 4*t - 12. Let u = d + t. What is the units digit of u?
7
Let l(k) = -k**3 - 3*k**2 + 2*k - 2. Let d(t) = -t + 1. Let y be d(7). Let w be l(y). Suppose 6 = -4*m + w. What is the tens digit of m?
2
Let h(i) = -i + 11. Let c be h(7). Suppose 2*d + c*f = 116, -4*d - 3*f + 89 = -118. What is the units digit of d?
8
Suppose 0 = 2*o - 29 - 21. What is the units digit of o?
5
Let c = -5 - -4. Let z = c - -1. What is the units digit of -3 + z - (-2 + -9)?
8
Let b(d) = 27*d**3 - d**2 + 2*d - 1. Let o be b(1). Let j be o/3 + (2 - 0). Suppose -t + 1 = -j. What is the tens digit of t?
1
Let v(g) = -g**2 - 27*g - 26. What is the units digit of v(-23)?
6
Let v = 0 - 1. Let z = v - -1. What is the units digit of 6 - (z/(-1) - 0)?
6
Let p be 76/12 + 2/(-6). Suppose -m = m - p. Suppose -3*j + m*f = -33, j - 2*j = -4*f - 17. What is the units digit of j?
9
What is the tens digit of (-16)/(-104) - 1983/(-39)?
5
Suppose 4*z = -b + 4, -2*z = 2*z + 20. Let i = b + -14. What is the tens digit of i?
1
Suppose 4*j - d = 50, 0*j + 4*j - 5*d = 58. What is the units digit of (148/j)/(1/3)?
7
Let c(l) = -3*l + 29. What is the tens digit of c(-23)?
9
Let x = 30 + -45. Let j = -10 - x. What is the units digit of j?
5
Suppose 0 = -8*q + 5*q - 9. Let i(s) = -3*s + 4. What is the units digit of i(q)?
3
Let r be 2/(-2) + 1*15. Suppose -q + r = q - 3*f, -3*q = f - 43. What is the units digit of q?
3
Let b = 92 + -64. What is the tens digit of b?
2
What is the tens digit of 126/27*(-660)/(-14)?
2
Suppose -12*l + 8*l = -64. What is the units digit of l?
6
Let m = -16 + 22. Let s = -25 - -44. Let j = s - m. What is the tens digit of j?
1
Suppose -5 = -5*k - 0. Suppose 0 = x + k - 13. What is the tens digit of x?
1
Suppose 4*u + 8*b + 5 = 3*b, 5*b + 5 = 0. Let y(q) = q**3 - q**2 + q + 7. What is the units digit of y(u)?
7
Let z(q) = 2*q**3 + 1. Let s be z(1). Suppose -10 = -s*v - 2*v. Suppose -n + v*c = -12, -n + 14 + 2 = -4*c. What is the units digit of n?
8
Let n(g) = g**3 + 8*g**2 + 6*g + 1. What is the units digit of n(-7)?
8
Let h be (5 - 3)/(2/(-7)). Let s = h - -9. What is the units digit of 270/14 + s/(-7)?
9
Suppose 4*k - 78 = 2*t, k - 4*t - 11 - 26 = 0. Suppose 3*m = 7*m - i - k, 2*m - 12 = 4*i. What is the units digit of ((-25)/(-4))/5*m?
5
Let q(w) = 3*w**2 - w + 1 + 0*w - 2*w. Let n be q(2). Let u(c) = 2*c - 2. What is the units digit of u(n)?
2
Let c = 49 + -26. Let n = -5 + c. What is the units digit of n?
8
Suppose -3*u - 16 = -g + 2*g, -2*u - 2*g - 8 = 0. Let l = u + 18. What is the tens digit of l?
1
Let u be (-35)/(-20) + 1/4. Suppose -u*n + 24 = n. What is the units digit of n?
8
Suppose 5*q + 2640 = 20*q. What is the tens digit of q?
7
Suppose -f - 6 = -3*f. Suppose -f*j + 14 = -25. What is the tens digit of j?
1
What is the tens digit of 97 - (3 + 3)/(-3)?
9
Suppose 0 = 3*l + l - 12. Suppose -4*s - 2 - 1 = 5*k, 4*k + 3 = -l*s. Suppose s*z - 17 = -2*y, -y = z - 2*z + 9. What is the units digit of z?
7
Suppose 3*